{"id":78,"date":"2013-11-12T13:25:58","date_gmt":"2013-11-12T13:25:58","guid":{"rendered":"http:\/\/www.hvidovrekajakklub.dk\/?page_id=78"},"modified":"2024-11-10T09:55:44","modified_gmt":"2024-11-10T08:55:44","slug":"bestyrelsen","status":"publish","type":"page","link":"https:\/\/www.hvidovrekajakklub.dk\/?page_id=78","title":{"rendered":"Bestyrelsen"},"content":{"rendered":"<h2>Bestyrelsen best\u00e5r af:<\/h2>\n<table border=\"0\" cellspacing=\"0\" cellpadding=\"4\">\n<tbody>\n<tr>\n<td>Formand:<\/td>\n<td>Johanna \u00c5kerman Nielsen<\/td>\n<\/tr>\n<tr>\n<td>N\u00e6stformand:<\/td>\n<td>&nbsp;<\/td>\n<\/tr>\n<tr valign=\"middle\">\n<td>Kasserer:<\/td>\n<td valign=\"bottom\">Inge Ribers<\/td>\n<\/tr>\n<tr>\n<td>\u00d8vrige&nbsp;bestyrelsesmedlemmer:<\/td>\n<td>S\u00f8ren Sibbersen, Jacob Ludvigsen (husmand), Anne Markworth og Bjarne Eilert Christiansen<\/td>\n<\/tr>\n<\/tbody>\n<\/table>\n<p>Der afholdes 5 bestyrelsesm\u00f8der om \u00e5ret, en ordin\u00e6r generalforsamling og et medlemsm\u00f8de. Bestyrelsen&nbsp;udstikker rammerne for klubbens \u00e5rlige virke indenfor elitearbejdet, motionistafdelingen, ungdomsarbejdet og eventuelle st\u00e6vner.<\/p>\n","protected":false},"excerpt":{"rendered":"<p>Bestyrelsen best\u00e5r af: Formand: Johanna \u00c5kerman Nielsen N\u00e6stformand: &nbsp; Kasserer: Inge Ribers \u00d8vrige&nbsp;bestyrelsesmedlemmer: S\u00f8ren Sibbersen, Jacob Ludvigsen (husmand), Anne Markworth og Bjarne Eilert Christiansen Der afholdes 5 bestyrelsesm\u00f8der om \u00e5ret, en ordin\u00e6r generalforsamling og et medlemsm\u00f8de. Bestyrelsen&nbsp;udstikker rammerne for klubbens \u00e5rlige virke indenfor elitearbejdet, motionistafdelingen, ungdomsarbejdet og eventuelle st\u00e6vner.<\/p>\n","protected":false},"author":1,"featured_media":0,"parent":0,"menu_order":0,"comment_status":"closed","ping_status":"open","template":"template-full-width.php","meta":{"ngg_post_thumbnail":0,"footnotes":""},"class_list":["post-78","page","type-page","status-publish","hentry"],"_links":{"self":[{"href":"https:\/\/www.hvidovrekajakklub.dk\/index.php?rest_route=\/wp\/v2\/pages\/78","targetHints":{"allow":["GET"]}}],"collection":[{"href":"https:\/\/www.hvidovrekajakklub.dk\/index.php?rest_route=\/wp\/v2\/pages"}],"about":[{"href":"https:\/\/www.hvidovrekajakklub.dk\/index.php?rest_route=\/wp\/v2\/types\/page"}],"author":[{"embeddable":true,"href":"https:\/\/www.hvidovrekajakklub.dk\/index.php?rest_route=\/wp\/v2\/users\/1"}],"replies":[{"embeddable":true,"href":"https:\/\/www.hvidovrekajakklub.dk\/index.php?rest_route=%2Fwp%2Fv2%2Fcomments&post=78"}],"version-history":[{"count":17,"href":"https:\/\/www.hvidovrekajakklub.dk\/index.php?rest_route=\/wp\/v2\/pages\/78\/revisions"}],"predecessor-version":[{"id":5549,"href":"https:\/\/www.hvidovrekajakklub.dk\/index.php?rest_route=\/wp\/v2\/pages\/78\/revisions\/5549"}],"wp:attachment":[{"href":"https:\/\/www.hvidovrekajakklub.dk\/index.php?rest_route=%2Fwp%2Fv2%2Fmedia&parent=78"}],"curies":[{"name":"wp","href":"https:\/\/api.w.org\/{rel}","templated":true}]}}