{"id":2948,"date":"2017-09-03T10:55:54","date_gmt":"2017-09-03T09:55:54","guid":{"rendered":"http:\/\/www.hvidovrekajakklub.dk\/?page_id=2948"},"modified":"2017-09-03T10:57:09","modified_gmt":"2017-09-03T09:57:09","slug":"turkajak-havkajak","status":"publish","type":"page","link":"https:\/\/www.hvidovrekajakklub.dk\/?page_id=2948","title":{"rendered":"Turkajak <=> Havkajak"},"content":{"rendered":"<p>I Hvidovre Kajakklub friror vi nye medlemmer til turkajak. Klubben har ikke nogle havkajakker, s\u00e5 det er derfor heller ikke muligt at blive friroet til havkajak hos os. Vores erfaring er, at mange er i tvivl om, hvad forskellen p\u00e5 de to kajaktyper er, s\u00e5 her er en oversigt:<\/p>\n<table width=\"738\">\n<tbody>\n<tr>\n<td width=\"244\"><strong>Havkajak<\/strong><\/td>\n<td width=\"244\"><strong>Turkajak<\/strong><\/td>\n<\/tr>\n<tr>\n<td width=\"244\">Beregnet til brug p\u00e5 havet \u2013 stabil men langsom<\/td>\n<td width=\"244\">Hurtigere end havkajakken, men ogs\u00e5 mere ustabil<\/td>\n<\/tr>\n<tr>\n<td width=\"244\">L\u00e6ngde: 5 meter, bredde 60 cm, v\u00e6gt 23-27 kg.<\/td>\n<td width=\"244\">L\u00e6ngde: 5,20 meter, bredde 51 cm, v\u00e6gt 12-16 kg.<\/td>\n<\/tr>\n<tr>\n<td width=\"244\">L\u00e5rst\u00f8tter, s\u00e6de med ryg- og hoftest\u00f8tte, stor kontakt med b\u00e5den<\/td>\n<td width=\"244\">S\u00e6de uden nogen st\u00f8tte, kun lidt kontakt med b\u00e5den<\/td>\n<\/tr>\n<tr>\n<td width=\"244\">Mindre cockpit &#8211; Gr\u00f8nl\u00e6ndervending mulig<\/td>\n<td width=\"244\">Stort cockpit &#8211; Gr\u00f8nl\u00e6ndervending derfor ikke mulig<\/td>\n<\/tr>\n<tr>\n<td width=\"244\">Friluftskajak: Kan fyldes med oppakning og kan derfor bruges til lange ture med f.eks. telt og overnatning<\/td>\n<td width=\"244\">Sportskajak: Grundl\u00e6ggende en kapkajak, der er gjort mere stabil. Man kan ikke have oppakning med, bruges til kortere ture og tr\u00e6ning<\/td>\n<\/tr>\n<tr>\n<td width=\"244\">Materiale: Plastik, glasfiber<\/td>\n<td width=\"244\">Materiale: Glasfiber, kulfiber\/ kevlar<\/td>\n<\/tr>\n<\/tbody>\n<\/table>\n<p><a href=\"https:\/\/www.hvidovrekajakklub.dk\/wp-content\/uploads\/2017\/09\/20746033_676357025886815_3228255188720980876_o1-1.jpg\"><img loading=\"lazy\" decoding=\"async\" class=\"alignnone size-medium wp-image-2952\" src=\"https:\/\/www.hvidovrekajakklub.dk\/wp-content\/uploads\/2017\/09\/20746033_676357025886815_3228255188720980876_o1-1-850x478.jpg\" alt=\"\" width=\"850\" height=\"478\" srcset=\"https:\/\/www.hvidovrekajakklub.dk\/wp-content\/uploads\/2017\/09\/20746033_676357025886815_3228255188720980876_o1-1-850x478.jpg 850w, https:\/\/www.hvidovrekajakklub.dk\/wp-content\/uploads\/2017\/09\/20746033_676357025886815_3228255188720980876_o1-1-250x141.jpg 250w, https:\/\/www.hvidovrekajakklub.dk\/wp-content\/uploads\/2017\/09\/20746033_676357025886815_3228255188720980876_o1-1-1200x675.jpg 1200w\" sizes=\"auto, (max-width: 850px) 100vw, 850px\" \/><\/a><\/p>\n<p><a href=\"https:\/\/www.hvidovrekajakklub.dk\/wp-content\/uploads\/2017\/09\/13243885_10207789549075116_5844487929677138174_o.jpg\"><img loading=\"lazy\" decoding=\"async\" class=\"alignnone size-medium wp-image-2953\" src=\"https:\/\/www.hvidovrekajakklub.dk\/wp-content\/uploads\/2017\/09\/13243885_10207789549075116_5844487929677138174_o-850x478.jpg\" alt=\"\" width=\"850\" height=\"478\" srcset=\"https:\/\/www.hvidovrekajakklub.dk\/wp-content\/uploads\/2017\/09\/13243885_10207789549075116_5844487929677138174_o-850x478.jpg 850w, https:\/\/www.hvidovrekajakklub.dk\/wp-content\/uploads\/2017\/09\/13243885_10207789549075116_5844487929677138174_o-250x141.jpg 250w, https:\/\/www.hvidovrekajakklub.dk\/wp-content\/uploads\/2017\/09\/13243885_10207789549075116_5844487929677138174_o-1200x675.jpg 1200w\" sizes=\"auto, (max-width: 850px) 100vw, 850px\" \/><\/a><\/p>\n<p><a href=\"https:\/\/www.hvidovrekajakklub.dk\/wp-content\/uploads\/2017\/09\/buran_weekend_havkajak_fritidskajakker.jpg\"><img loading=\"lazy\" decoding=\"async\" class=\"alignnone size-full wp-image-2954\" src=\"https:\/\/www.hvidovrekajakklub.dk\/wp-content\/uploads\/2017\/09\/buran_weekend_havkajak_fritidskajakker.jpg\" alt=\"\" width=\"720\" height=\"357\" \/><\/a><\/p>\n","protected":false},"excerpt":{"rendered":"<p>I Hvidovre Kajakklub friror vi nye medlemmer til turkajak. Klubben har ikke nogle havkajakker, s\u00e5 det er derfor heller ikke muligt at blive friroet til havkajak hos os. Vores erfaring er, at mange er i tvivl om, hvad forskellen p\u00e5 de to kajaktyper er, s\u00e5 her er en oversigt: Havkajak Turkajak Beregnet til brug p\u00e5 [&hellip;]<\/p>\n","protected":false},"author":455,"featured_media":0,"parent":0,"menu_order":0,"comment_status":"closed","ping_status":"closed","template":"","meta":{"ngg_post_thumbnail":0,"footnotes":""},"class_list":["post-2948","page","type-page","status-publish","hentry"],"_links":{"self":[{"href":"https:\/\/www.hvidovrekajakklub.dk\/index.php?rest_route=\/wp\/v2\/pages\/2948","targetHints":{"allow":["GET"]}}],"collection":[{"href":"https:\/\/www.hvidovrekajakklub.dk\/index.php?rest_route=\/wp\/v2\/pages"}],"about":[{"href":"https:\/\/www.hvidovrekajakklub.dk\/index.php?rest_route=\/wp\/v2\/types\/page"}],"author":[{"embeddable":true,"href":"https:\/\/www.hvidovrekajakklub.dk\/index.php?rest_route=\/wp\/v2\/users\/455"}],"replies":[{"embeddable":true,"href":"https:\/\/www.hvidovrekajakklub.dk\/index.php?rest_route=%2Fwp%2Fv2%2Fcomments&post=2948"}],"version-history":[{"count":5,"href":"https:\/\/www.hvidovrekajakklub.dk\/index.php?rest_route=\/wp\/v2\/pages\/2948\/revisions"}],"predecessor-version":[{"id":2958,"href":"https:\/\/www.hvidovrekajakklub.dk\/index.php?rest_route=\/wp\/v2\/pages\/2948\/revisions\/2958"}],"wp:attachment":[{"href":"https:\/\/www.hvidovrekajakklub.dk\/index.php?rest_route=%2Fwp%2Fv2%2Fmedia&parent=2948"}],"curies":[{"name":"wp","href":"https:\/\/api.w.org\/{rel}","templated":true}]}}