{"id":2505,"date":"2016-06-17T12:51:32","date_gmt":"2016-06-17T11:51:32","guid":{"rendered":"http:\/\/www.hvidovrekajakklub.dk\/?page_id=2505"},"modified":"2016-06-17T12:51:32","modified_gmt":"2016-06-17T11:51:32","slug":"medlemsblad-vandposten","status":"publish","type":"page","link":"https:\/\/www.hvidovrekajakklub.dk\/?page_id=2505","title":{"rendered":"Medlemsblad &#8211; Vandposten"},"content":{"rendered":"<p>(Gen)l\u00e6s en r\u00e6kke af de tidligere udgaver af medlemsbladet &#8220;Vandposten&#8221; (herunder perioden for \u00e5r 1979-1985).<\/p>\n<p><a href=\"https:\/\/www.hvidovrekajakklub.dk\/wp-content\/uploads\/2016\/06\/1979-04-april-Vandposten-Hvidovre-Kajakklub.pdf\">1979-04 april Vandposten Hvidovre Kajakklub<\/a><\/p>\n<p><a href=\"https:\/\/www.hvidovrekajakklub.dk\/wp-content\/uploads\/2016\/06\/1979-06-juni-Vandposten-Hvidovre-Kajakklub.pdf\">1979-06 juni Vandposten Hvidovre Kajakklub<\/a><\/p>\n<p><a href=\"https:\/\/www.hvidovrekajakklub.dk\/wp-content\/uploads\/2016\/06\/1979-09-september-Vandposten-Hvidovre-Kajakklub.pdf\">1979-09 september Vandposten Hvidovre Kajakklub<\/a><\/p>\n<p><a href=\"https:\/\/www.hvidovrekajakklub.dk\/wp-content\/uploads\/2016\/06\/1979-12-december-Vandposten-Hvidovre-Kajakklub.pdf\">1979-12 december Vandposten Hvidovre Kajakklub<\/a><\/p>\n<p><a href=\"https:\/\/www.hvidovrekajakklub.dk\/wp-content\/uploads\/2016\/06\/1980-03-marts-Vandposten-Hvidovre-Kajakklub.pdf\">1980-03 marts Vandposten Hvidovre Kajakklub<\/a><\/p>\n<p><a href=\"https:\/\/www.hvidovrekajakklub.dk\/wp-content\/uploads\/2016\/06\/1980-09-september-Vandposten-Hvidovre-Kajakklub.pdf\">1980-09 september Vandposten Hvidovre Kajakklub<\/a><\/p>\n<p><a href=\"https:\/\/www.hvidovrekajakklub.dk\/wp-content\/uploads\/2016\/06\/1980-12-december-Vandposten-Hvidovre-Kajakklub.pdf\">1980-12 december Vandposten Hvidovre Kajakklub<\/a><\/p>\n<p><a href=\"https:\/\/www.hvidovrekajakklub.dk\/wp-content\/uploads\/2016\/06\/1981-03-marts-Vandposten-Hvidovre-Kajakklub.pdf\">1981-03 marts Vandposten Hvidovre Kajakklub<\/a><\/p>\n<p><a href=\"https:\/\/www.hvidovrekajakklub.dk\/wp-content\/uploads\/2016\/06\/1981-06-juni-Vandposten-Hvidovre-Kajakklub.pdf\">1981-06 juni Vandposten Hvidovre Kajakklub<\/a><\/p>\n<p><a href=\"https:\/\/www.hvidovrekajakklub.dk\/wp-content\/uploads\/2016\/06\/1981-09-september-Vandposten-Hvidovre-Kajakklub.pdf\">1981-09 september Vandposten Hvidovre Kajakklub<\/a><\/p>\n<p><a href=\"https:\/\/www.hvidovrekajakklub.dk\/wp-content\/uploads\/2016\/06\/1981-12-december-Vandposten-Hvidovre-Kajakklub.pdf\">1981-12 december Vandposten Hvidovre Kajakklub<\/a><\/p>\n<p><a href=\"https:\/\/www.hvidovrekajakklub.dk\/wp-content\/uploads\/2016\/06\/1982-03-marts-Vandposten-Hvidovre-Kajakklub.pdf\">1982-03 marts Vandposten Hvidovre Kajakklub<\/a><\/p>\n<p><a href=\"https:\/\/www.hvidovrekajakklub.dk\/wp-content\/uploads\/2016\/06\/1982-06-juni-Vandposten-Hvidovre-Kajakklub.pdf\">1982-06 juni Vandposten Hvidovre Kajakklub<\/a><\/p>\n<p><a href=\"https:\/\/www.hvidovrekajakklub.dk\/wp-content\/uploads\/2016\/06\/1982-09-september-Vandposten-Hvidovre-Kajakklub.pdf\">1982-09 september Vandposten Hvidovre Kajakklub<\/a><\/p>\n<p><a href=\"https:\/\/www.hvidovrekajakklub.dk\/wp-content\/uploads\/2016\/06\/1982-12-december-Vandposten-Hvidovre-Kajakklub.pdf\">1982-12 december Vandposten Hvidovre Kajakklub<\/a><\/p>\n<p><a href=\"https:\/\/www.hvidovrekajakklub.dk\/wp-content\/uploads\/2016\/06\/1983-03-marts-Vandposten-Hvidovre-Kajakklub.pdf\">1983-03 marts Vandposten Hvidovre Kajakklub<\/a><\/p>\n<p><a href=\"https:\/\/www.hvidovrekajakklub.dk\/wp-content\/uploads\/2016\/06\/1983-06-juni-Vandposten-Hvidovre-Kajakklub.pdf\">1983-06 juni Vandposten Hvidovre Kajakklub<\/a><\/p>\n<p><a href=\"https:\/\/www.hvidovrekajakklub.dk\/wp-content\/uploads\/2016\/06\/1984-06-juni-Vandposten-Hvidovre-Kajakklub.pdf\">1984-06 juni Vandposten Hvidovre Kajakklub<\/a><\/p>\n<p><a href=\"https:\/\/www.hvidovrekajakklub.dk\/wp-content\/uploads\/2016\/06\/1984-12-december-Vandposten-Hvidovre-Kajakklub.pdf\">1984-12 december Vandposten Hvidovre Kajakklub<\/a><\/p>\n<p><a href=\"https:\/\/www.hvidovrekajakklub.dk\/wp-content\/uploads\/2016\/06\/1985-03-marts-Vandposten-Hvidovre-Kajakklub.pdf\">1985-03 marts Vandposten Hvidovre Kajakklub<\/a><\/p>\n<p><a href=\"https:\/\/www.hvidovrekajakklub.dk\/wp-content\/uploads\/2016\/06\/1985-06-juni-Vandposten-Hvidovre-Kajakklub.pdf\">1985-06 juni Vandposten Hvidovre Kajakklub<\/a><\/p>\n","protected":false},"excerpt":{"rendered":"<p>(Gen)l\u00e6s en r\u00e6kke af de tidligere udgaver af medlemsbladet &#8220;Vandposten&#8221; (herunder perioden for \u00e5r 1979-1985). 1979-04 april Vandposten Hvidovre Kajakklub 1979-06 juni Vandposten Hvidovre Kajakklub 1979-09 september Vandposten Hvidovre Kajakklub 1979-12 december Vandposten Hvidovre Kajakklub 1980-03 marts Vandposten Hvidovre Kajakklub 1980-09 september Vandposten Hvidovre Kajakklub 1980-12 december Vandposten Hvidovre Kajakklub 1981-03 marts Vandposten Hvidovre Kajakklub [&hellip;]<\/p>\n","protected":false},"author":422,"featured_media":0,"parent":83,"menu_order":0,"comment_status":"closed","ping_status":"closed","template":"","meta":{"ngg_post_thumbnail":0,"footnotes":""},"class_list":["post-2505","page","type-page","status-publish","hentry"],"_links":{"self":[{"href":"https:\/\/www.hvidovrekajakklub.dk\/index.php?rest_route=\/wp\/v2\/pages\/2505","targetHints":{"allow":["GET"]}}],"collection":[{"href":"https:\/\/www.hvidovrekajakklub.dk\/index.php?rest_route=\/wp\/v2\/pages"}],"about":[{"href":"https:\/\/www.hvidovrekajakklub.dk\/index.php?rest_route=\/wp\/v2\/types\/page"}],"author":[{"embeddable":true,"href":"https:\/\/www.hvidovrekajakklub.dk\/index.php?rest_route=\/wp\/v2\/users\/422"}],"replies":[{"embeddable":true,"href":"https:\/\/www.hvidovrekajakklub.dk\/index.php?rest_route=%2Fwp%2Fv2%2Fcomments&post=2505"}],"version-history":[{"count":1,"href":"https:\/\/www.hvidovrekajakklub.dk\/index.php?rest_route=\/wp\/v2\/pages\/2505\/revisions"}],"predecessor-version":[{"id":2527,"href":"https:\/\/www.hvidovrekajakklub.dk\/index.php?rest_route=\/wp\/v2\/pages\/2505\/revisions\/2527"}],"up":[{"embeddable":true,"href":"https:\/\/www.hvidovrekajakklub.dk\/index.php?rest_route=\/wp\/v2\/pages\/83"}],"wp:attachment":[{"href":"https:\/\/www.hvidovrekajakklub.dk\/index.php?rest_route=%2Fwp%2Fv2%2Fmedia&parent=2505"}],"curies":[{"name":"wp","href":"https:\/\/api.w.org\/{rel}","templated":true}]}}