{"id":2215,"date":"2016-01-04T19:50:19","date_gmt":"2016-01-04T18:50:19","guid":{"rendered":"http:\/\/www.hvidovrekajakklub.dk\/?page_id=2215"},"modified":"2020-03-08T10:10:35","modified_gmt":"2020-03-08T09:10:35","slug":"presse","status":"publish","type":"page","link":"https:\/\/www.hvidovrekajakklub.dk\/?page_id=2215","title":{"rendered":"Medier"},"content":{"rendered":"<p>Der sker en masse i Hvidovre Kajakklub, og klubben er j\u00e6vnlig i medierne i forskellige sammenh\u00e6nge. Artikler der vedr\u00f8rer klubben bliver l\u00f8bende lagt op p\u00e5 siden her:<\/p>\n<p><a href=\"https:\/\/www.hvidovreavis.dk\/artikel\/sibbersen-tjekkede-ind-i-seniorraekken\/1000351967\" target=\"_blank\" rel=\"noopener noreferrer\"><span class=\"\">22. januar 2020\u00a0<\/span><span class=\"\">17 medaljer til Hvidovre i kajak-ergometer &#8211; og\u00a0<\/span>Sibbersen tjekkede ind i seniorr\u00e6kken. Om indend\u00f8rs DM, hvor OL-deltageren Ren\u00e9 Holten Poulsen m\u00e5tte se sig sl\u00e5et<\/a><\/p>\n<p><a href=\"https:\/\/www.hvidovreavis.dk\/artikel\/80-loebere-blev-blaest-rundt-om-kalveboderne\/1000319504\" target=\"_blank\" rel=\"noopener noreferrer\">29. oktober 2019: 80 l\u00f8bere blev bl\u00e6st rundt om Kalveboderne &#8211; om Kalvebodl\u00f8bet 2019<\/a><\/p>\n<p><a href=\"https:\/\/www.hvidovreavis.dk\/artikel\/syv-guldmedaljer-til-hvidovre-roer\/1000293728\" target=\"_blank\" rel=\"noopener noreferrer\">20. august 2019: Syv guldmedaljer til Hvidovre-roer: Med det bedste resultat nogen sinde for Hvidovre Kajakklub til et nordisk mesterskab str\u00f8g Magnus Sibbersen af med syv nordiske mesterskaber og \u00e9n s\u00f8lvmedalje fra J\u00f8nk\u00f8bing i Sverige<\/a><\/p>\n<p><a href=\"https:\/\/www.hvidovreavis.dk\/artikel\/vaer-med-naar-lorry-sender-fra-hvidovre-havn\/1000285701\" target=\"_blank\" rel=\"noopener noreferrer\">23. juli 2019:TV-Lorry sender fra Hvidovre Havn og Handicap roning hos Hvidovre Kajakklub<\/a><\/p>\n<p><a href=\"https:\/\/www.hvidovreavis.dk\/artikel\/dobbelt-europamester\/1000283918\" target=\"_blank\" rel=\"noopener noreferrer\">16. juli 2019 Magnus Sibbersen fra Hvidovre Kajakklub bliver dobbelt europamester i den tjekkiske by Racice, hvor Ungdomseuropamesterskaberne blev afholdt<\/a><\/p>\n<p><a href=\"https:\/\/www.hvidovreavis.dk\/artikel\/atleter-og-frivillige-ledere-haedret\/1000270261\" target=\"_blank\" rel=\"noopener noreferrer\">\u00a021. maj 2019 H\u00e6dring fra kommunen til \u00c5rets Idr\u00e6tsledere: Henning Christoffersen og Jan Skou, Hvidovre Kajakklub<\/a><\/p>\n<p><a href=\"https:\/\/www.hvidovreavis.dk\/artikel\/fem-gange-guld-tilhvidovre-kajakklub\/1000255522\" target=\"_blank\" rel=\"noopener noreferrer\"><span class=\"\">15. januar 2019 Hvidovre Kajakklubs ni deltagende ungdomsroere fik nye personlige rekorder og medaljeh\u00f8st p\u00e5 fem guldmedaljer, to s\u00f8lv og fem i bronze ved indend\u00f8rs DM i ergometerroning<\/span><\/a><\/p>\n<p><a href=\"https:\/\/www.hvidovreavis.dk\/artikel\/65-loebere-trodsede-kulde-blaest-og-regn-og-tog-turen-rundt-om-vandet\/1000206849\" target=\"_blank\" rel=\"noopener noreferrer\"><span class=\"\">30. oktober 2018\u00a0<\/span><span class=\"\">65 l\u00f8bere trodsede kulde, bl\u00e6st og regn og tog turen rundt om vandet &#8211; om Kalvebodl\u00f8bet 2018<\/span><\/a><\/p>\n<p><a href=\"https:\/\/www.hvidovreavis.dk\/artikel\/polsk-og-slovakisk-mester\/1000139944\" target=\"_blank\" rel=\"noopener noreferrer\"><span class=\"\">20. marts 2018\u00a0<\/span><span class=\"\">Magnus Sibbersen polsk og slovakisk mester\u00a0<\/span><span class=\"\">i klassen for 18-\u00e5rige<\/span><\/a><\/p>\n<p><a href=\"https:\/\/www.hvidovreavis.dk\/artikel\/surfski-dronningen-fra-hvidovre\/1000129705\" target=\"_blank\" rel=\"noopener noreferrer\">Surfski-dronningen fra Hvidovre, Hvidovre Avis, 03.10.2017<\/a><\/p>\n<p><a href=\"https:\/\/www.hvidovreavis.dk\/artikel\/nedtaelling-til-kalveboderne-rundt\/1000130136\" target=\"_blank\" rel=\"noopener noreferrer\">Nedt\u00e6lling til Kalveboderne Rundt, Hvidovre Avis, 17.10.2017<\/a><\/p>\n<p><a href=\"https:\/\/www.hvidovreavis.dk\/artikel\/magnus-sibbersens-flotte-punktum\/1000125006\" target=\"_blank\" rel=\"noopener noreferrer\">Magnus Sibbersens flotte punktum, Hvidovre Avis, 25.09.2017<\/a><\/p>\n<p><a href=\"https:\/\/www.hvidovreavis.dk\/artikel\/fem-gange-nordisk-mester\/1000107197\" target=\"_blank\" rel=\"noopener noreferrer\">Fem gange nordisk mester, Hvidovre Avis, 15. august 2017<\/a><\/p>\n<p><a href=\"https:\/\/www.hvidovrekajakklub.dk\/wp-content\/uploads\/2016\/01\/Hvidovreavis_16.02.17.pdf\">Magnus Sibbersen slovakisk\/ungarsk champion, Hvidovre Avis, 16.02.17<\/a><\/p>\n<p><a href=\"http:\/\/hvidovre.lokalavisen.dk\/maalrettet-traening-giver-bonus-\/20170202\/artikler\/170209936\/1671\" target=\"_blank\" rel=\"noopener noreferrer\">M\u00e5lrettet tr\u00e6ning giver bonus, Hvidovre Avis, 02.02.2017<\/a><\/p>\n<p><a href=\"http:\/\/hvidovre.lokalavisen.dk\/klar-til-motionsloebet-\u201ckalveboderne-rundt\u201d-\/20161027\/artikler\/161029504\/1676\" target=\"_blank\" rel=\"noopener noreferrer\">Klar til motionsl\u00f8bet &#8220;Kalveboderne Rundt&#8221;, Hvidovre Avis, 27.10.16<\/a><\/p>\n<p><a href=\"http:\/\/hvidovre.lokalavisen.dk\/knock-out-staevne-paa-vandet-\/20160705\/artikler\/160709832\">Knock-out-st\u00e6vne p\u00e5 vandet, Hvidovre Avis 05.07.2016<\/a><\/p>\n<p><a href=\"http:\/\/hvidovre.lokalavisen.dk\/200-tog-loebeturen-\/20151103\/artikler\/151109860\" target=\"_blank\" rel=\"noopener noreferrer\">200 tog l\u00f8beturen, Hvidovre Avis, 03.11.15<\/a><\/p>\n<p><a href=\"http:\/\/hvidovre.lokalavisen.dk\/hva\u2019-med-en-frisk-loebetur-\/20151008\/artikler\/151009294\/1671\" target=\"_blank\" rel=\"noopener noreferrer\">Hvad med en frisk l\u00f8betur? Hvidovre Avis, 08.10.15 <\/a><\/p>\n<p><a href=\"http:\/\/hvidovre.lokalavisen.dk\/saelfoelgelig-har-vi-nu-saeler-i-kalveboderne-\/20150929\/artikler\/150929090\" target=\"_blank\" rel=\"noopener noreferrer\">S\u00e6lf\u00f8lgelig har vi nu s\u00e6ler i Kalveboderne, Hvidovre Avis, 29.09.15 <\/a><\/p>\n<p><a href=\"http:\/\/hvidovre.lokalavisen.dk\/ny-kajak-til%C2%A0-klubben-\/20150827\/maerkedage\/150829417\" target=\"_blank\" rel=\"noopener noreferrer\">Ny kajak til klubben, Hvidovre Avis, 07.08.15<\/a><\/p>\n<p><a href=\"http:\/\/hvidovre.lokalavisen.dk\/naeste-generation-paa-vej-\/20150714\/artikler\/150719773\/1671\" target=\"_blank\" rel=\"noopener noreferrer\">N\u00e6ste generation p\u00e5 vej, Hvidovre Avis, 14.07.15<\/a><\/p>\n<p><a href=\"http:\/\/hvidovre.lokalavisen.dk\/ni-medaljer-ved-indendoers-dm-\/20150212\/artikler\/150219838\" target=\"_blank\" rel=\"noopener noreferrer\">Ni medaljer ved indend\u00f8rs DM, Hvidovre Avis, 12.02.15<\/a><\/p>\n<p><a href=\"http:\/\/hvidovre.lokalavisen.dk\/73-km.-paa%C2%A0-tour-de-gudenaahvidovre-kajakklub-havde-flere-roere-med-til-den-store-og-kraevende-opgave-\/20140925\/artikler\/140929642\" target=\"_blank\" rel=\"noopener noreferrer\">73 km. p\u00e5 Tour de Guden\u00e5, Hvidovre Avis, 25.09.14<\/a><\/p>\n<p><a href=\"http:\/\/hvidovre.lokalavisen.dk\/mesterskaber-fra-taet-hold-\/20140902\/artikler\/709029072\" target=\"_blank\" rel=\"noopener noreferrer\">Mesterskaber fra t\u00e6t hold, Hvidovre Avis, 02.09.14<\/a><\/p>\n<p><a href=\"http:\/\/hvidovre.lokalavisen.dk\/igen-dm-medaljertil-kajak-\/20140121\/artikler\/701219154\" target=\"_blank\" rel=\"noopener noreferrer\">Igen DM-medaljer til kajak, Hvidovre Avis, 21.01.14<\/a><\/p>\n","protected":false},"excerpt":{"rendered":"<p>Der sker en masse i Hvidovre Kajakklub, og klubben er j\u00e6vnlig i medierne i forskellige sammenh\u00e6nge. Artikler der vedr\u00f8rer klubben bliver l\u00f8bende lagt op p\u00e5 siden her: 22. januar 2020\u00a017 medaljer til Hvidovre i kajak-ergometer &#8211; og\u00a0Sibbersen tjekkede ind i seniorr\u00e6kken. Om indend\u00f8rs DM, hvor OL-deltageren Ren\u00e9 Holten Poulsen m\u00e5tte se sig sl\u00e5et 29. oktober [&hellip;]<\/p>\n","protected":false},"author":455,"featured_media":0,"parent":0,"menu_order":0,"comment_status":"closed","ping_status":"closed","template":"template-full-width.php","meta":{"ngg_post_thumbnail":0,"footnotes":""},"class_list":["post-2215","page","type-page","status-publish","hentry"],"_links":{"self":[{"href":"https:\/\/www.hvidovrekajakklub.dk\/index.php?rest_route=\/wp\/v2\/pages\/2215","targetHints":{"allow":["GET"]}}],"collection":[{"href":"https:\/\/www.hvidovrekajakklub.dk\/index.php?rest_route=\/wp\/v2\/pages"}],"about":[{"href":"https:\/\/www.hvidovrekajakklub.dk\/index.php?rest_route=\/wp\/v2\/types\/page"}],"author":[{"embeddable":true,"href":"https:\/\/www.hvidovrekajakklub.dk\/index.php?rest_route=\/wp\/v2\/users\/455"}],"replies":[{"embeddable":true,"href":"https:\/\/www.hvidovrekajakklub.dk\/index.php?rest_route=%2Fwp%2Fv2%2Fcomments&post=2215"}],"version-history":[{"count":23,"href":"https:\/\/www.hvidovrekajakklub.dk\/index.php?rest_route=\/wp\/v2\/pages\/2215\/revisions"}],"predecessor-version":[{"id":3692,"href":"https:\/\/www.hvidovrekajakklub.dk\/index.php?rest_route=\/wp\/v2\/pages\/2215\/revisions\/3692"}],"wp:attachment":[{"href":"https:\/\/www.hvidovrekajakklub.dk\/index.php?rest_route=%2Fwp%2Fv2%2Fmedia&parent=2215"}],"curies":[{"name":"wp","href":"https:\/\/api.w.org\/{rel}","templated":true}]}}