{"id":664,"date":"2013-12-19T16:04:37","date_gmt":"2013-12-19T16:04:37","guid":{"rendered":"http:\/\/www.hvidovrekajakklub.dk\/kalveboderne_rundt\/?page_id=664"},"modified":"2018-10-23T16:31:50","modified_gmt":"2018-10-23T16:31:50","slug":"bane-profil","status":"publish","type":"page","link":"http:\/\/www.hvidovrekajakklub.dk\/kalveboderne_rundt\/?page_id=664","title":{"rendered":"Bane profil"},"content":{"rendered":"<p>Her finder du en beskrivelse af &#8220;Kalveboderne Rundt&#8221;, samt lidt andet detaljeret information om l\u00f8bet som bliver afholdt i gr\u00f8nne omgivelser.<\/p>\n<h2>Beskrivelse af de enkle ruter:<\/h2>\n<p>I motionsl\u00f8bet &#8220;Kalveboderne Rundt&#8221; findes der flere forskellige ruter som man kan v\u00e6lge imellem, l\u00e6s evt. mere nedenunder.<\/p>\n<table border=\"0\" width=\"100%\">\n<tbody>\n<tr>\n<td width=\"62%\"><em><strong>Ca. 2,5 km. &#8211; B\u00f8rnel\u00f8bet:<\/strong><\/em><br \/>\nDet er den korteste rute, og er udelukkende til b\u00f8rnel\u00f8bet, ogs\u00e5 kaldet for &#8220;Bjergl\u00f8bet&#8221;.<a href=\"http:\/\/www.hvidovrekajakklub.dk\/kalveboderne_rundt\/wp-content\/uploads\/2013\/12\/23-km.-rute.jpg\"><img loading=\"lazy\" decoding=\"async\" class=\"alignnone size-full wp-image-982\" src=\"http:\/\/www.hvidovrekajakklub.dk\/kalveboderne_rundt\/wp-content\/uploads\/2013\/12\/23-km.-rute.jpg\" alt=\"23-km-rute\" width=\"1072\" height=\"676\" srcset=\"http:\/\/www.hvidovrekajakklub.dk\/kalveboderne_rundt\/wp-content\/uploads\/2013\/12\/23-km.-rute.jpg 1072w, http:\/\/www.hvidovrekajakklub.dk\/kalveboderne_rundt\/wp-content\/uploads\/2013\/12\/23-km.-rute-300x189.jpg 300w, http:\/\/www.hvidovrekajakklub.dk\/kalveboderne_rundt\/wp-content\/uploads\/2013\/12\/23-km.-rute-768x484.jpg 768w, http:\/\/www.hvidovrekajakklub.dk\/kalveboderne_rundt\/wp-content\/uploads\/2013\/12\/23-km.-rute-1024x646.jpg 1024w\" sizes=\"(max-width: 1072px) 100vw, 1072px\" \/><\/a><em><strong>6,2 km.:<\/strong><\/em><br \/>\nDen n\u00e6stkorteste rute, og g\u00e5r kun p\u00e5 den ene side af Kalveboderne hvorefter man vender om (se evt. billede).<a href=\"http:\/\/www.hvidovrekajakklub.dk\/kalveboderne_rundt\/wp-content\/uploads\/2013\/12\/6-km.-rute-1.jpg\"><img loading=\"lazy\" decoding=\"async\" class=\"alignnone size-full wp-image-977\" src=\"http:\/\/www.hvidovrekajakklub.dk\/kalveboderne_rundt\/wp-content\/uploads\/2013\/12\/6-km.-rute-1.jpg\" alt=\"6-km-rute\" width=\"1072\" height=\"675\" srcset=\"http:\/\/www.hvidovrekajakklub.dk\/kalveboderne_rundt\/wp-content\/uploads\/2013\/12\/6-km.-rute-1.jpg 1072w, http:\/\/www.hvidovrekajakklub.dk\/kalveboderne_rundt\/wp-content\/uploads\/2013\/12\/6-km.-rute-1-300x189.jpg 300w, http:\/\/www.hvidovrekajakklub.dk\/kalveboderne_rundt\/wp-content\/uploads\/2013\/12\/6-km.-rute-1-768x484.jpg 768w, http:\/\/www.hvidovrekajakklub.dk\/kalveboderne_rundt\/wp-content\/uploads\/2013\/12\/6-km.-rute-1-1024x645.jpg 1024w\" sizes=\"(max-width: 1072px) 100vw, 1072px\" \/><\/a><em><strong>12 km.:<\/strong><\/em><br \/>\nDet er den l\u00e6ngste rute man kan l\u00f8be, og man vil l\u00f8be hele Kalveboderne rundt langs vandet.<\/p>\n<p><a href=\"http:\/\/www.hvidovrekajakklub.dk\/kalveboderne_rundt\/wp-content\/uploads\/2013\/12\/12-km.-rute-2.jpg\"><img loading=\"lazy\" decoding=\"async\" class=\"alignnone size-full wp-image-975\" src=\"http:\/\/www.hvidovrekajakklub.dk\/kalveboderne_rundt\/wp-content\/uploads\/2013\/12\/12-km.-rute-2.jpg\" alt=\"12-km-rute\" width=\"1072\" height=\"675\" srcset=\"http:\/\/www.hvidovrekajakklub.dk\/kalveboderne_rundt\/wp-content\/uploads\/2013\/12\/12-km.-rute-2.jpg 1072w, http:\/\/www.hvidovrekajakklub.dk\/kalveboderne_rundt\/wp-content\/uploads\/2013\/12\/12-km.-rute-2-300x189.jpg 300w, http:\/\/www.hvidovrekajakklub.dk\/kalveboderne_rundt\/wp-content\/uploads\/2013\/12\/12-km.-rute-2-768x484.jpg 768w, http:\/\/www.hvidovrekajakklub.dk\/kalveboderne_rundt\/wp-content\/uploads\/2013\/12\/12-km.-rute-2-1024x645.jpg 1024w\" sizes=\"(max-width: 1072px) 100vw, 1072px\" \/><\/a><\/td>\n<\/tr>\n<\/tbody>\n<\/table>\n","protected":false},"excerpt":{"rendered":"<p>Her finder du en beskrivelse af &#8220;Kalveboderne Rundt&#8221;, samt lidt andet detaljeret information om l\u00f8bet som bliver afholdt i gr\u00f8nne omgivelser. Beskrivelse af de enkle ruter: I motionsl\u00f8bet &#8220;Kalveboderne Rundt&#8221; findes der flere forskellige ruter som man kan v\u00e6lge imellem, l\u00e6s evt. mere nedenunder. Ca. 2,5 km. &#8211; B\u00f8rnel\u00f8bet: Det er den korteste rute, og [&hellip;]<\/p>\n","protected":false},"author":1,"featured_media":0,"parent":0,"menu_order":0,"comment_status":"closed","ping_status":"closed","template":"","meta":{"footnotes":""},"_links":{"self":[{"href":"http:\/\/www.hvidovrekajakklub.dk\/kalveboderne_rundt\/index.php?rest_route=\/wp\/v2\/pages\/664"}],"collection":[{"href":"http:\/\/www.hvidovrekajakklub.dk\/kalveboderne_rundt\/index.php?rest_route=\/wp\/v2\/pages"}],"about":[{"href":"http:\/\/www.hvidovrekajakklub.dk\/kalveboderne_rundt\/index.php?rest_route=\/wp\/v2\/types\/page"}],"author":[{"embeddable":true,"href":"http:\/\/www.hvidovrekajakklub.dk\/kalveboderne_rundt\/index.php?rest_route=\/wp\/v2\/users\/1"}],"replies":[{"embeddable":true,"href":"http:\/\/www.hvidovrekajakklub.dk\/kalveboderne_rundt\/index.php?rest_route=%2Fwp%2Fv2%2Fcomments&post=664"}],"version-history":[{"count":16,"href":"http:\/\/www.hvidovrekajakklub.dk\/kalveboderne_rundt\/index.php?rest_route=\/wp\/v2\/pages\/664\/revisions"}],"predecessor-version":[{"id":1103,"href":"http:\/\/www.hvidovrekajakklub.dk\/kalveboderne_rundt\/index.php?rest_route=\/wp\/v2\/pages\/664\/revisions\/1103"}],"wp:attachment":[{"href":"http:\/\/www.hvidovrekajakklub.dk\/kalveboderne_rundt\/index.php?rest_route=%2Fwp%2Fv2%2Fmedia&parent=664"}],"curies":[{"name":"wp","href":"https:\/\/api.w.org\/{rel}","templated":true}]}}